x be (1 - -3)/((-4)/10). What is the remainder when (44/x)/((-3)/15) is divided by 13?
9
Let o be 6/(-15) + 8/20. Suppose l - 2*f = 21, 2*f + o*f - 1 = -l. What is the remainder when 30 + (-1 - -2)*2 is divided by l?
10
Suppose -4*m - 2 - 9 = -3*q, 5*q = 3*m + 22. Suppose 0 = -5*u - p - 4*p + 25, -5*u + q*p = 15. Calculate the remainder when 1 is divided by u.
0
Suppose 5 = 3*c - 10. Let q(l) = -l**3 - 7*l**2 - 6*l + 18. Calculate the remainder when q(-6) is divided by c.
3
Let c(w) = -w**2 + 6*w - 3. Let b be c(5). Calculate the remainder when 40 is divided by 2 - b - (2 + -16).
12
Suppose -3*v + 0*v = 18. Let z be (-64)/(-10) - v/(-15). Calculate the remainder when 7 is divided by 0 + 0 + z/2.
1
Suppose -3*s = 3*n - 33, -2*n = -3*n + 5*s - 13. What is the remainder when n is divided by 4?
3
Let n = 15 + -2. What is the remainder when 49 is divided by n?
10
Suppose -m - m = -14. Suppose 2*o - 10 = 0, 6*o = -d + 3*o + 27. What is the remainder when d is divided by m?
5
Let p(r) = r**3 + 9*r**2 + 13*r + 5. What is the remainder when 35 is divided by p(-7)?
11
Suppose -r + 2*j + j + 76 = 0, -2 = -j. What is the remainder when r is divided by 21?
19
Suppose -v = 3*q - 19, 2*q - 4*q + 3*v = -9. Calculate the remainder when 15 is divided by q.
3
Let i be (1/2)/(2/28). Suppose -2*a + m = -3*a + 2, 4*m = -5*a + 9. Suppose -x = -i - a. What is the remainder when 23 is divided by x?
7
Let d(z) = z**2 - 6*z - 5. Let f = -21 + 29. Let y = -12 + f. Calculate the remainder when d(y) is divided by 12.
11
Let j be -2 - (-2)/4*-2. Let l = 5 + j. Suppose 0 = -2*u + r + 2*r - l, -4*r = 5*u - 18. What is the remainder when 4 is divided by u?
0
Let y(a) be the first derivative of -a**4/4 - 8*a**3/3 - 7*a**2/2 + 2*a + 2. What is the remainder when 4/14 + (-95)/(-35) is divided by y(-7)?
1
Suppose 4*f - 3*z = 197, 0 = -7*f + 5*f + z + 97. Calculate the remainder when f is divided by 5.
2
Let m(n) = -n**2 + 9*n - 9. What is the remainder when 22 - (-2)/(10/(-25)) is divided by m(7)?
2
Suppose 37 + 26 = 3*z. Let h = z + 12. Calculate the remainder when h is divided by 17.
16
Let w(z) be the third derivative of -z**6/120 - z**5/20 - 5*z**4/24 - 2*z**3/3 - 3*z**2. Calculate the remainder when w(-3) is divided by 7.
4
Suppose -38 = -2*l + 5*g, 4*l - 3*l = -g + 19. Calculate the remainder when 54 is divided by l.
16
Let s = 6 + 6. What is the remainder when 35 is divided by s?
11
Suppose g - 3 - 1 = 0. Suppose -3*j + g*a = -4 - 11, 0 = -3*j - 4*a + 39. Calculate the remainder when 43 is divided by j.
7
Let f(r) = r**2 - 19*r + 32. What is the remainder when f(19) is divided by 7?
4
What is the remainder when (-4)/(-6) + (-164)/(-6) is divided by 15?
13
Let r = 3 - -1. Suppose 0 = -3*m + r*d + d + 11, 0 = -2*m + 5*d + 9. Calculate the remainder when 31 is divided by -3 + 0/m + 19.
15
Let q(r) = -r**3 - 4*r**2 + 3*r + 5. Calculate the remainder when 58 is divided by q(-5).
13
Let t = -3 - -3. Suppose 2*o - 11 - 5 = t. Calculate the remainder when o is divided by 3.
2
Let r(y) = -14*y - 1. Let u = -5 - -4. Calculate the remainder when 36 is divided by r(u).
10
Let i be 2 + 4/2 - 3. Calculate the remainder when 1 - (-2 + -1 + i) is divided by 1.
0
Let b(c) = -c**3 + 3*c**2 + 4*c + 3. Let g be b(4). What is the remainder when 0 - (g - (-108)/(-3)) is divided by 9?
6
Suppose -5*j = -7*j + 6. Calculate the remainder when 7 is divided by j.
1
Suppose f - 11 = 2*n, 4*n + 3 = -2*f + 9. Calculate the remainder when 24 is divided by f.
3
Let v(f) = 7*f**2 - 2*f - 2. Suppose -a = -r + 11 - 4, 4*r = a + 13. Calculate the remainder when v(r) is divided by 12.
10
Let v = 40 + -32. What is the remainder when 46 is divided by v?
6
Let m = -126 - -258. Calculate the remainder when m is divided by 15.
12
Suppose -5*j + 0 = 4*b + 20, -4*b = -j - 4. Suppose b*i - 3 = -i. Calculate the remainder when 28/(-8)*(4 + -6) is divided by i.
1
What is the remainder when (-174)/(-2) - (1 + 0) is divided by 29?
28
Let y(k) = k - 4. Let w = 10 - 6. Let c be y(w). Suppose c*g - 2*g - 38 = -4*v, 0 = -2*v - 5*g + 25. What is the remainder when 19 is divided by v?
9
Suppose -10 = 4*c + c. Let z = -12 - -7. Calculate the remainder when c/z + 354/15 is divided by 9.
6
Suppose -2*q - 3*q = -110. Let y(c) = c**2 + 2*c - 3. What is the remainder when q is divided by y(3)?
10
What is the remainder when 74 is divided by 23 + (-3)/(6/(-4))?
24
Let s(u) = -2*u + 1. Let v be 9/(-2) + (-2)/4. Let h = -1 - v. What is the remainder when h is divided by s(-1)?
1
Suppose -g = g + 4*t - 10, -2*g - t + 1 = 0. Let y = g + 9. Let m(f) = -f**3 - 3*f**2 - 2*f - 1. What is the remainder when m(-4) is divided by y?
7
Let k be ((-32)/10)/((-4)/10). Suppose 0 = 2*b - 0*b - k. Let l = -16 + 22. What is the remainder when l is divided by b?
2
Let y(j) = 52 - 7 + j + 4*j**2 - 5*j**2. Calculate the remainder when y(0) is divided by 23.
22
Suppose -6*a = -a - 30. Let n be (-4)/6*a*-1. Let z = 6 - n. What is the remainder when z is divided by 1?
0
Suppose 0 = -2*j - 2*j - 5*x + 217, 0 = 2*j - x - 119. Calculate the remainder when j is divided by 12.
10
Suppose 0*d + 3*d = -3. Let v be -2 - 3/3*d. Calculate the remainder when 27 is divided by (v + -27)*3/(-6).
13
Let h be (-3 - -4) + 1 + 1. Suppose 2*a = 5*q + a - 61, -h*q - 4*a + 32 = 0. Calculate the remainder when 34 is divided by q.
10
Let t = 95 + -48. Calculate the remainder when t is divided by 12.
11
Let q(m) = -m + 13. What is the remainder when 21 is divided by q(5)?
5
Suppose -5*p + 49 = -16. Let c(q) = -q**3 - 5*q**2 - q - 1. Calculate the remainder when p is divided by c(-5).
1
Let w be 1 - -1 - (-64 - 0). Suppose 0 = -9*q + 2 + 16. Suppose -q*h + 0*h = -w. What is the remainder when h is divided by 18?
15
Let d = 40 - 29. Let l = d - 8. Suppose -7*p + 2*p + 15 = -5*m, 4*m = -4*p + 28. What is the remainder when p is divided by l?
2
Let i be 1/3 - (-16)/6. Suppose z = 1 + i. Calculate the remainder when 5*(1 - (0 - 1)) is divided by z.
2
Let w(u) = u**3 + 6*u**2 - 6*u + 7. Let g be w(-7). Suppose g*b + b = 4. What is the remainder when 7 is divided by b?
3
Calculate the remainder when 14 is divided by (6/9)/(2/24).
6
Suppose -2*v - v + 18 = 0. What is the remainder when v is divided by 3?
0
Let s = -14 - -22. Calculate the remainder when 14 is divided by s.
6
Let k be (4/(-10))/((-2)/(-30)). Let t(d) = -6*d - 7. Calculate the remainder when 86 is divided by t(k).
28
Suppose -3*h + 8*h - 113 = -4*c, -2*h + 36 = -3*c. What is the remainder when h is divided by ((-2)/3)/((-3)/36)?
5
Let g(l) = -3*l - 5. Let h = 29 - -20. Calculate the remainder when h is divided by g(-6).
10
What is the remainder when 42/10*45/3 is divided by 16?
15
Suppose -123 = -n - o, 3*o - 368 = -3*n + o. Calculate the remainder when n is divided by 25.
22
Suppose h + 468 = -2*h. What is the remainder when 3/4 + h/(-48) is divided by 2?
0
Suppose 0*s - s + 5 = 0. Suppose 0 = -7*n - n. What is the remainder when -2 - (n + -2 - s) is divided by 3?
2
Suppose a - 1 = 4*j + 5, 0 = 5*a - 5*j - 30. Let o = 10 - a. What is the remainder when o is divided by 2?
0
Suppose -3*j + 5*o = -53, 5*j - 2*o - 150 = -6*o. Calculate the remainder when j is divided by 14.
12
Let k = 51 + -32. Suppose 6 = 5*p - k. What is the remainder when 14 is divided by p?
4
Let v(p) = p**2 + p + 3. Calculate the remainder when 29 is divided by v(-4).
14
Let s(w) = -w**3 - 20*w**2 - 20*w + 23. Calculate the remainder when s(-19) is divided by 5.
2
Let q = 14 + 9. Let i(j) = -j - 2. Let g be i(-7). Suppose 3*z + 3*n - 61 = 2*z, -g*n = 4*z - 258. What is the remainder when z is divided by q?
21
Suppose -2*x - x = -l - 89, -x + 2*l + 23 = 0. Let v(i) be the first derivative of -i**2/2 + 6*i - 1. What is the remainder when x is divided by v(-5)?
9
Let b = 33 - 25. Calculate the remainder when 10 is divided by b.
2
Let c = -12 - -18. Suppose 2*z = 4 + c. Let d = 12 - z. What is the remainder when d is divided by 4?
3
Let v = 34 + 33. Suppose 5*o - 28 - 87 = 0. What is the remainder when v is divided by o?
21
Suppose -12*y + 3*y = -72. Calculate the remainder when 18 is divided by y.
2
What is the remainder when (4 - 3)*-4 + 41 is divided by 19?
18
Suppose -5*a = i, 16 = 4*i + 7*a - 3*a. Suppose 0 = -i*s + 62 + 8. Calculate the remainder when 